de 790892?
True
Is 9829259 a multiple of 845?
False
Is 30 a factor of 5080842?
False
Is 3 a factor of 321363?
True
Is 21 a factor of 160608?
True
Is 19 a factor of 118750?
True
Does 16 divide 99344?
True
Does 21 divide 72233?
False
Is 205562 a multiple of 28?
False
Does 371 divide 237744?
False
Is 35 a factor of 245562?
False
Is 495629 a multiple of 178?
False
Is 7 a factor of 124964?
True
Does 4 divide 450920?
True
Is 37 a factor of 177234?
False
Is 9638940 a multiple of 30?
True
Is 267717 a multiple of 13?
False
Is 537 a factor of 140991?
False
Is 206756 a multiple of 120?
False
Does 12 divide 165792?
True
Does 249 divide 336400?
False
Is 120 a factor of 1511520?
True
Is 7688992 a multiple of 368?
True
Is 2 a factor of 19100?
True
Is 207 a factor of 2834965?
False
Does 43 divide 3683?
False
Does 143 divide 34892?
True
Is 749 a factor of 15727904?
False
Does 7 divide 131544?
True
Is 308226 a multiple of 18?
False
Is 2411640 a multiple of 1320?
True
Is 26 a factor of 306488?
True
Is 6 a factor of 977244?
True
Is 297 a factor of 160417?
False
Is 184916 a multiple of 76?
False
Is 42 a factor of 51660?
True
Is 124 a factor of 1185192?
True
Does 9 divide 143730?
True
Is 431 a factor of 2321454?
False
Is 186615 a multiple of 3?
True
Does 21 divide 212268?
True
Is 123590 a multiple of 10?
True
Does 55 divide 495715?
True
Does 84 divide 221844?
True
Is 1502654 a multiple of 477?
False
Is 1634 a factor of 13364486?
True
Does 210 divide 1175790?
True
Is 186477 a multiple of 26?
False
Does 12 divide 296131?
False
Is 1306870 a multiple of 10?
True
Is 21 a factor of 29133?
False
Is 12 a factor of 431315?
False
Is 7021068 a multiple of 381?
True
Is 387 a factor of 6146852?
False
Is 97 a factor of 408809?
False
Is 20 a factor of 156480?
True
Is 66 a factor of 37889?
False
Is 257879 a multiple of 4?
False
Does 727 divide 1644659?
False
Does 1261 divide 5847469?
False
Does 323 divide 77520?
True
Is 50736 a multiple of 168?
True
Does 45 divide 169470?
True
Is 38 a factor of 14046?
False
Is 83 a factor of 255640?
True
Does 73 divide 570225?
False
Is 48276 a multiple of 9?
True
Is 37 a factor of 254677?
False
Does 12 divide 19078056?
True
Does 13 divide 76492?
True
Does 13 divide 2055417?
True
Does 70 divide 1579542?
False
Is 3238783 a multiple of 107?
True
Is 263650 a multiple of 25?
True
Is 241 a factor of 887121?
True
Is 346 a factor of 14444808?
True
Is 2547246 a multiple of 26?
True
Is 107 a factor of 87526?
True
Does 20 divide 95575?
False
Does 22 divide 1636426?
True
Is 86 a factor of 2152494?
True
Is 7239880 a multiple of 94?
True
Is 69856 a multiple of 598?
False
Is 25 a factor of 137250?
True
Is 175078 a multiple of 76?
False
Is 19255646 a multiple of 89?
False
Is 985448 a multiple of 135?
False
Is 9 a factor of 5915785?
False
Does 1171 divide 2625238?
False
Is 70 a factor of 317?
False
Does 13 divide 863447?
True
Does 22 divide 1505530?
False
Is 1451236 a multiple of 47?
False
Does 80 divide 1806320?
True
Is 10511100 a multiple of 439?
False
Is 3458620 a multiple of 20?
True
Does 343 divide 833919?
False
Does 19 divide 1670216?
False
Does 602 divide 20253172?
False
Does 73 divide 150770?
False
Is 4 a factor of 340358?
False
Is 897806 a multiple of 91?
True
Does 422 divide 1175462?
False
Is 1148549 a multiple of 204?
False
Is 16 a factor of 48464?
True
Is 146598 a multiple of 106?
True
Is 20 a factor of 950600?
True
Is 18 a factor of 10679?
False
Does 8 divide 702567?
False
Is 8581887 a multiple of 188?
False
Is 79 a factor of 1128124?
False
Is 66558 a multiple of 431?
False
Does 28 divide 909440?
True
Does 23 divide 267377?
False
Is 31 a factor of 85431?
False
Is 784944 a multiple of 7?
False
Is 19402288 a multiple of 286?
False
Is 2056510 a multiple of 14?
False
Is 332 a factor of 394447?
False
Is 37 a factor of 5773184?
True
Does 18 divide 7576727?
False
Does 46 divide 1427429?
False
Is 42 a factor of 128016?
True
Is 39921 a multiple of 21?
True
Is 38 a factor of 31540?
True
Is 808017 a multiple of 65?
False
Is 12 a factor of 6012?
True
Is 1799500 a multiple of 250?
True
Is 70 a factor of 11140220?
True
Does 3 divide 18528?
True
Is 408450 a multiple of 30?
True
Does 201 divide 70149?
True
Is 12 a factor of 1336107?
False
Is 139145 a multiple of 21?
False
Is 88 a factor of 5881392?
True
Is 4774040 a multiple of 710?
True
Does 8 divide 31915?
False
Is 241710 a multiple of 427?
False
Does 78 divide 210193?
False
Does 16 divide 24224?
True
Is 93720 a multiple of 132?
True
Is 387 a factor of 4948234?
False
Does 54 divide 8314650?
True
Is 61573 a multiple of 64?
False
Is 766344 a multiple of 111?
True
Does 32 divide 1145748?
False
Does 175 divide 11900?
True
Is 5762211 a multiple of 13?
True
Is 25 a factor of 542737?
False
Does 334 divide 3522498?
False
Does 128 divide 277248?
True
Is 2 a factor of 267550?
True
Is 196 a factor of 1320648?
True
Does 8 divide 533116?
False
Does 178 divide 3346934?
True
Does 8 divide 922460?
False
Does 272 divide 134640?
True
Is 111 a factor of 22388081?
False
Is 115193 a multiple of 6?
False
Is 72 a factor of 2035?
False
Does 50 divide 468873?
False
Is 30384 a multiple of 48?
True
Is 33 a factor of 395109?
True
Is 71400 a multiple of 168?
True
Does 653 divide 820088?
False
Is 198 a factor of 8131464?
True
Is 8893268 a multiple of 233?
False
Is 18 a factor of 3647111?
False
Is 520493 a multiple of 42?
False
Is 113 a factor of 1352504?
False
Is 109 a factor of 105185?
True
Is 210802 a multiple of 95?
False
Is 5222 a multiple of 37?
False
Is 39 a factor of 149292?
True
Is 186886 a multiple of 5?
False
Does 70 divide 3699335?
False
Does 362 divide 1412162?
True
Is 105434 a multiple of 17?
True
Does 44 divide 3182036?
True
Is 87 a factor of 390108?
True
Is 12 a factor of 1518816?
True
Does 1266 divide 3594174?
True
Is 639 a factor of 4507741?
False
Is 6 a factor of 822108?
True
Is 491759 a multiple of 260?
False
Is 94 a factor of 2162319?
False
Does 21 divide 828765?
True
Is 48 a factor of 7422936?
False
Is 15 a factor of 18579104?
False
Is 423864 a multiple of 18?
True
Is 15 a factor of 304695?
True
Does 877 divide 10036217?
False
Does 109 divide 26705?
True
Is 50 a factor of 47550?
True
Is 3 a factor of 1506640?
False
Is 809660 even?
True
Is 95 a factor of 4869226?
False
Is 211480 a multiple of 17?
True
Is 1067800 a multiple of 95?
True
Is 16 a factor of 4316178?
False
Is 231 a factor of 806777?
False
Does 8 divide 253064?
True
Does 69 divide 287385?
True
Is 19 a factor of 1221738?
True
Does 97 divide 383471?
False
Is 2329 a factor of 5984568?
False
Does 21 divide 133274?
False
Does 214 divide 725674?
True
Does 103 divide 116802?
True
Is 28 a factor of 432852?
True
Does 150 divide 457318?
False
Is 85 a factor of 7616009?
False
Does 142 divide 181874?
False
Is 155562 a multiple of 7?
False
Is 141526 a multiple of 2?
True
Does 22 divide 195503?
False
Does 166 divide 437576?
True
Is 111857 even?
False
Does 83 divide 168700?
False
Does 55 divide 94380?
True
Is 3161652 a multiple of 28?
False
Is 17572587 a multiple of 883?
False
Is 208227 a multiple of 199?
False
Does 612 divide 747252?
True
Is 152549 a multiple of 95?
False
Is 30875 a multiple of 5?
True
Is 223005 a multiple of 15?
True
Is 367980 a multiple of 6?
True
Does 78 divide 118099?
False
Does 47 divide 829503?
True
Is 1147248 a multiple of 372?
True
Does 221 divide 4286074?
True
Does 168 divide 483560?
False
Does 97 divide 3206031?
False
Is 14744460 a multiple of 12?
True
Is 19 a factor of 6930307?
True
Is 2152592 a multiple of 1027?
True
Is 41 a factor of 690923?
False
Is 468024 a multiple of 24?
True
Is 112235 a multiple of 7?
False
Does 30 divide 723540?
True
Is 4950 a multiple of 30?
True
Is 622 a factor of 2711298?
True
Does 44 divide 587005?
False
Is 122 a factor of 688051?
False
Does 22 divide 206690?
True
Does 12 divide 3099096?
True
Does 812 divide 1455293?
False
Does 738 divide 65682?
True
Is 326326 a multiple of 77?
True
Is 16174743 a multiple of 63?
False
Is 501417 a multiple of 63?
True
Is 6557371 a multiple of 43?
True
Is 70094 a multiple of 39?
False
Does 76 divide 497901?
False
Does 21 divide 354170?
False
Is 25 a factor of 9684250?
True
Is 9360 a multiple of 180?
True
Is 11859264 a multiple of 216?
True
Is 25 a factor of 60150?
True
Does 185 divide 5